9*j - 7*j, -3*i + 4*j = -48955. Is i prime?
False
Let g(o) = -3*o + 12. Let n be g(6). Let s = n - -71. Is s a composite number?
True
Suppose -5*p = 9 - 24. Suppose -p*k + 2*k + 5*z - 7 = 0, -5*k = -3*z - 9. Suppose -d + 92 = k. Is d composite?
False
Let v = 13840 - -1779. Is v composite?
False
Suppose 5*y - 5*m - 223 = 227, 2*y + 3*m - 175 = 0. Is y a prime number?
True
Let w(p) = 70*p + 123. Is w(34) a composite number?
False
Let k(z) = -44*z + 2 + 0 + 195*z + 61*z. Is k(1) prime?
False
Let x(c) = -c - 5. Let u be x(0). Let z be 1018/u - 4/10. Is (z/3)/(-1) - 1 composite?
False
Suppose -5*y + 2*b + 36589 = 0, -19*y - 4*b = -17*y - 14650. Is y a prime number?
False
Let g = 14262 - 7271. Is g a prime number?
True
Suppose -30*k + 840400 + 127310 = 0. Is k prime?
True
Let c = -16 - 9. Let b(y) = -29*y - 58. Is b(c) composite?
True
Let t = -13505 + 23346. Is t a prime number?
False
Let n(u) = -u**2 + 14*u + 3. Let v be n(14). Suppose 0 = -q + v*q - 8, -85 = -k - 5*q. Is k a composite number?
True
Let d be 13*(-24)/(-30) + 4/(-10). Suppose 3*c + 0*j - 93 = -3*j, -4*c + 148 = -2*j. Is d/c + 9726/14 prime?
False
Suppose 0 = -2*o + 10, -4*p - 3*o = p - 6330. Suppose c - 4*f = p, -979 + 6086 = 4*c - 5*f. Is c a prime number?
True
Let r = -80 + 76. Is 10/r*4910/(-25) composite?
False
Suppose -4*l + 54670 = x, -25*l + 28*l - 5*x - 40991 = 0. Is l composite?
True
Let r(m) = 29*m**2 + 6*m + 4. Let t = 36 - 42. Let f be t + 3 + (-6)/3. Is r(f) a prime number?
False
Let o(y) = -y**2 - 3*y + 4. Let p be o(-3). Suppose -m + 251 = 4*i - 336, -2*i + p*m = -298. Let k = i - 61. Is k composite?
True
Let t(f) = -96*f**2 - f - 2. Let s(y) = 0*y - y - 11 + 0*y - 480*y**2 - 5*y. Let p(q) = 2*s(q) - 11*t(q). Is p(-1) a composite number?
False
Let f be 8*-4*(-2)/16. Let a = f + -1. Suppose 1 = m - 3, 0 = -a*z - 3*m + 171. Is z composite?
False
Let f(k) = 18*k**2 - 2*k + 82117. Is f(0) a prime number?
False
Let b(u) = u**2 + 11*u - 19. Let m be b(9). Is (12 - m)/(2/(-4)) a composite number?
True
Let a(i) = -15*i**3 + 3*i + 3. Let f be a(-2). Suppose 5*b + 812 = f. Let y = b + 284. Is y prime?
False
Suppose 0 = 2*o + 5*b + 61, -3*o = b - 12 + 97. Let l = 23 - o. Is l prime?
False
Suppose 4*a + u = -11, -u - 1 + 14 = -4*a. Let y = a - -6. Suppose -v = y*v - 2452. Is v a composite number?
False
Suppose 798 = 16*u - 1538. Is u composite?
True
Let y = 109 + -108. Is y + 965 - (6 + -7) composite?
False
Suppose 4*m - 9004 + 1952 = 0. Let d = m - 1140. Is d composite?
True
Let n be 8/(-10)*(-250)/20. Suppose n*f = 2*f + 6296. Is f composite?
False
Let s = 7 + -13. Is 2926/4 + s/12 a composite number?
True
Is ((-441498)/(-5))/((-184)/(-460)) a prime number?
False
Let y(k) = -2713*k + 252. Is y(-13) a composite number?
False
Let j be 4/14 - (-132)/(-21). Is (-538)/j*(11 - 8) composite?
False
Suppose 0 = l - 8832 - 559. Is l a prime number?
True
Is ((-8057)/(-21))/((-1)/(-3)*1) prime?
True
Suppose 277 = 4*h - 5*w - 8431, -h = -3*w - 2170. Is h a prime number?
False
Let f(c) = -19*c**3 - 4*c**2 + 17*c + 27. Is f(-7) prime?
True
Let g(a) = 1822*a - 6. Let i be g(1). Suppose 5*b - 36 = -4*t, 2*t + 2 = 3*b - 2. Suppose -b*v = -i - 348. Is v a composite number?
False
Is 2971 - 1 - 84/21 a composite number?
True
Let m(f) = 2*f**2 - 2*f + 9. Let y be m(6). Suppose z = y - 0. Suppose -4*d + 106 = a + 35, -z = -a - 2*d. Is a composite?
False
Suppose -2*h + 7*h - 955 = 0. Suppose 4*z + 2*s + 12 = 4*s, -s - 14 = 3*z. Is (-1 - z - 2)*h prime?
True
Let r = 260 - 171. Is r composite?
False
Let y(p) = 9*p - 5. Let t be y(-8). Let k = 92 - t. Is k prime?
False
Suppose -7 + 37 = 3*g. Let t(v) = 1 + 20*v + v**2 + 2 - 26*v. Is t(g) composite?
False
Suppose -501316 = 397*a - 401*a. Is a composite?
False
Let p(r) = -1346*r + 679. Is p(-15) prime?
False
Let w(m) = 134*m - 489. Is w(25) a composite number?
False
Let l(w) = 4*w - 17. Let y(n) = -2*n + 8. Let p(i) = -3*l(i) - 7*y(i). Let h be p(-16). Is (h/2)/(2/(-4)) prime?
True
Let i(r) = 26*r**2 + 11*r - 1. Is i(-4) prime?
False
Suppose 4*r - 4*c = 1232, 3*r + 2*r = 4*c + 1539. Is r a prime number?
True
Let j(x) = -9*x**3 - 7*x**2 + 7*x + 20. Is j(-9) composite?
True
Let l(d) be the third derivative of d**5/4 + 7*d**3/3 + 16*d**2. Is l(4) a composite number?
True
Suppose 20226 = 198*v - 196*v. Is v a composite number?
True
Let b(t) = t**3 - 5*t**2 + 5*t - 3. Let o = 16 + -12. Let r be o/16 + (-19)/(-4). Is b(r) a composite number?
True
Is 31604*-7*12/(-336) composite?
False
Let c(n) = 432*n**2 - 1. Let w be 4/(-4)*-4 + -3. Let i be 4/w - 2 - 3. Is c(i) prime?
True
Let u(c) = -c**2 - 11*c + 15. Let b be u(-12). Suppose 0 = -h + 3*h + 5*k - 10, 8 = b*h + 4*k. Suppose h = g - 0*g - 127. Is g composite?
False
Let a(n) = n**2 - 5*n - 1. Let o be a(6). Suppose 2*m + o = -7. Is 15/m*(-38)/5 prime?
True
Let o(w) = -30*w + 3. Let y be o(5). Let g be -9*(-6 - 11/((-99)/(-204))). Let t = y + g. Is t a prime number?
False
Let v be (-52 + 0)*(-522)/36. Suppose 4*o + v = 17334. Is o prime?
False
Suppose 5*c = -2*l + 446, 5*c - 6 = 2*c. Let v(z) = -132*z**3 + 2*z + 1. Let n be v(-1). Let q = l - n. Is q a composite number?
True
Suppose -7*c + 6767 + 9473 = 0. Let a(s) = -s**2 + 8*s + 7. Let z be a(7). Is c/14 + z/49 a prime number?
False
Suppose 3*k - 2*q = 83, 4*k + 7*q - 105 = 4*q. Let j = k + -14. Let l = j - -64. Is l prime?
False
Let d be 13/(-26) - (-1)/(-2). Let w be -1*(3 - (2 - d)). Suppose 0 = a - 2*i - 285, -a + w*a + i + 290 = 0. Is a prime?
False
Suppose m - 60 = 98. Is m a composite number?
True
Is 3*(-2)/9*(-54333)/6 prime?
True
Suppose -4*n = -3 - 5. Let l be (-8)/(n/(-708)*3). Suppose 3*g = 2*w - l, 4*w - 4*g = -2*g + 1904. Is w a prime number?
False
Let b be (2/(-3))/(1/9). Let j(v) = v**3 + 6*v**2 + 3*v + 13. Let m be j(b). Is (3/(-6))/(m/1570) a prime number?
True
Let b(q) = q + 1. Let o be b(1). Let l be 26/91 - o/7. Suppose 5*t + x = 96, 2*t + l*t = 3*x + 35. Is t a prime number?
True
Let w(z) = -12 + z + 2*z - 4*z + 13. Let l be w(10). Let q(n) = -10*n - 11. Is q(l) a prime number?
True
Let j = 9 + -4. Suppose 4*q + q - j*k - 4370 = 0, -1742 = -2*q - 4*k. Suppose -2*y + q - 291 = 0. Is y composite?
True
Suppose -14119 = -21*y + 14*y. Is y a prime number?
True
Suppose 5*z - 25 = -j, j - 5*z = 4*j - 25. Suppose -2*y - 5*k = -316, 2*y + 4*k + 0*k - 316 = j. Is y a prime number?
False
Is 1465350/200 - 2/(-8) prime?
False
Suppose -3*b = 2*l - 16, 0 = 5*l - 13 + 3. Suppose -4 = -3*v - 4*r, -2 = -b*r + 2*r. Suppose v = -z + 3*z - 12. Is z a composite number?
True
Let q(a) be the first derivative of a**6/360 + 11*a**5/120 - a**4/8 + 2*a**3 + 4. Let f(v) be the third derivative of q(v). Is f(8) a prime number?
True
Suppose -522432 = 2*t - 8*t. Is ((-2)/(-3))/(8/t*8) prime?
True
Let w(i) be the third derivative of -i**6/120 - i**5/60 + 379*i**3/6 + 30*i**2. Is w(0) a composite number?
False
Let n = 11 + -77. Let g = 691 - n. Is g composite?
False
Let u(s) = 3*s - 3*s + 2 + s. Let b be u(-4). Is (b - 15/(-6))*254 composite?
False
Let a(s) = -43*s - 2. Is a(-5) a composite number?
True
Let l(m) = -1477*m + 318. Is l(-7) a composite number?
False
Let h(l) = 9334*l**2 - 66*l + 191. Is h(3) a prime number?
False
Let v = 29 - 20. Suppose -15 = -3*o + v. Suppose -3*x + o*x - 190 = -3*z, -4*z + 4*x + 200 = 0. Is z prime?
False
Let t(z) = -3*z**3 + 24*z**2 + 40*z - 39. Let f(u) = -u**3 + 8*u**2 + 13*u - 13. Let s(v) = 8*f(v) - 3*t(v). Is s(10) a composite number?
False
Let c(w) = 78*w + 39. Let r be c(17). Let q = r - 734. Is q composite?
False
Let l(b) = 2*b - 5. Let h be l(4). Is (4045/10)/(h/6) a prime number?
True
Suppose 9*u - 14*u = -6325. Suppose 11*t - u = 6*t. Is t a composite number?
True
Let g = -10440 + 16447. Is g a composite number?
False
Let s be -6*((-24)/(-9))/(-1). Let z = 15 - s. Is 22 + -6 + z + 4 a prime number?
True
Suppose 372 - 1731 = -5*w - 2*o, -w + 282 = -3*o. Let p = w + 58. Is p a composite number?
False
Let q(z) = z**3 - 3*z**2 + 4*z - 4. Let t be q(9). Suppose 0 = 6*b - 448 - t. Is b composite?
True
Suppose 18 = -2*t + 34. Suppose 0 = -7*h + t*h - 187. Is h a prime number?
False
Let g be 18*(-252)/3 - 1. Let p = -814 - g. Is p prime?
False
Suppose 3 + 7 = i + 2*w, 5*w = 2*i + 16. Suppose 0 = 7*f - i*f - 2*c - 14, 0 = c + 2. Sup